e (-12 + 4 + 3 - 0) + 4.
-1
What is the value of 21 + -14 + (14 - 16)?
5
Evaluate 32 + (17 - 32) + -28.
-11
Evaluate -12 + 4 + (36 - 23) + -31 - -8.
-18
Calculate (0 - 8) + (26 - (2 - -6)) + -35.
-25
Calculate 45 + 17 + -24 - 25.
13
What is -7 - ((5 + 1 - 5) + -14)?
6
Calculate -12 - -32 - -17 - 57.
-20
What is 4 + -12 - (3 + 1 + 1 + -2)?
-11
What is the value of -1 - ((-20 - (-3 + -15)) + -1 + -1)?
3
(7 - (-7 + 20)) + (-3 - (-9 - -1))
-1
What is -1 + -2 + 5 + 31 + (11 - 29)?
15
Evaluate 219 + -213 + 1 + -32.
-25
Evaluate -23 + 1 + (-86 - -86) + (-4 - -14).
-12
Calculate 1 + 10 - ((-7 - 0) + 7 + 0).
11
What is 1 - 0 - ((-10 + 3 - 2) + -2)?
12
What is the value of (0 - 3) + (-10 - 1)?
-14
Evaluate 18 - -1 - 2 - (2 + 27).
-12
Calculate -13 - (-19 - 9) - 3.
12
What is the value of (-74 - -55) + (4 - -3 - -10)?
-2
Evaluate 5 + (4 - (-6 - ((2 - -1) + -12))).
6
Calculate 27 + (-14 + 17 - 17) - 11.
2
Calculate ((14 - -1) + -7 - 33) + (-5 - -3).
-27
Evaluate 30 + (25 + -43 - 5).
7
Calculate -14 + -16 + 31 - -14 - (-2 - -5).
12
What is the value of (4 - (20 - 8)) + 14 - -8?
14
Evaluate -2 - 0 - -3 - ((-19 - 24) + 24).
20
What is the value of (43 + -12 - 18) + (-1 - 11)?
1
-15 + -3 + 22 + -13 - 12
-21
What is 13 + (-2 - -2) + 0 + -6 + 8?
15
-14 - (1 - 12 - -4)
-7
Calculate (12 - 9) + 8 + 25 + -2 - -3.
37
What is the value of 41 - 55 - (1 + (-3 - 8))?
-4
What is (7 - (1 + -4) - 18) + 12 - -18?
22
What is 7 + (9 + 5 + -6 - 9)?
6
What is the value of (-21 - -9) + 11 - (-2 + 9 + -1)?
-7
Calculate -183 + 166 + (8 + -3 - -2).
-10
What is the value of 29 + -7 - (-4 + 9) - (-1 - -3)?
15
Evaluate (0 - -6) + (3 - 5) + (-9 - -8).
3
What is -3 - -1 - (-12 - (11 - 30))?
-9
Evaluate (1 - 4) + -2 + (9 - 2).
2
Calculate 7 - (15 - -13 - 8).
-13
Evaluate -83 + 97 + (-2 - 13).
-1
What is the value of -6 - (14 + -28 + 1)?
7
What is the value of 19 + -6 - (-7 + -7 + 4)?
23
2 + -4 + -6 - (-95 - -86)
1
Evaluate (6 - -13 - 55) + 3 - (-3 + -2).
-28
What is the value of 2 + -4 + (0 - 0) - (-7 + 11)?
-6
Calculate 5 - -3 - (-10 + 18 - 11).
11
Evaluate 4 + -11 + 1 + (5 - 1) + 3.
1
What is -2 - (-2 + (-4 - -5)) - -3 - 2?
0
What is the value of (-23 - (-29 - -17)) + 32?
21
What is the value of (-37 - -36) + -10 + 5 + 6?
0
Calculate 11 - (-29 + 11 + 32) - 14.
-17
-1 + (3 - 2) + (-14 - -18)
4
What is 24 + 1 + -30 + 6?
1
Evaluate -5 - (-7 + (-1 - 0) + 8 + 4).
-9
(3 - -23) + (-52 - -37)
11
Calculate -24 + (-26 - -18) + 66.
34
Calculate (-1 - -1) + (12 - (-8 + 14 - 1)).
7
Calculate -6 + (11 + 15 - 11) - 36.
-27
34 - 34 - (8 + -7)
-1
Calculate -390 - -393 - (1 - -7).
-5
Calculate (4 - (1 + 0 + -1)) + (-6 - -15).
13
What is 144 - 132 - (3 - -1) - -4?
12
Evaluate 1 - 0 - (-12 - 0 - -11 - 10).
12
Calculate -6 + (-9 - -4) + -6 + 7 + -2.
-12
What is -5 + 6 - -13 - (-7 - 3)?
24
(2 + 5 + -3 - 5) + -16
-17
Evaluate 5 + (3 + 2 - (70 - 66)).
6
What is the value of -16 + -1 + 6 + 18?
7
-25 - (43 - (4 + 32))
-32
What is -29 + (3 - -25) + 10?
9
What is -4 + -13 + 11 + (2 - -8)?
4
What is 10 - 23 - (-33 - -2)?
18
What is the value of -8 - (10 + -14 - -9)?
-13
What is the value of 6 - (3 + 19 + 4) - (10 - 9)?
-21
What is (-119 + 101 - -12) + (1 - -31)?
26
What is -6 - ((-4 - 1 - 11) + -4)?
14
Evaluate 32 + 20 + -39 - (-1 - 1).
15
What is the value of -11 - (7 + -1 + -1 - -4)?
-20
What is the value of (12 - 24 - -16) + 6?
10
What is (8 - -2) + -9 + 32 + (-1 - 5)?
27
Evaluate 21 + 31 + (8 - 68).
-8
What is the value of (0 - (18 + -34)) + -35?
-19
What is 5 + (28 - 24) + -33?
-24
What is the value of -2 + -27 - (20 - 30) - -2?
-17
Calculate 8 - (17 + -43 + 18).
16
What is the value of 13 + -30 + (-3 - -17)?
-3
What is the value of (6 + 1 - 7 - (-16 + 21)) + -12?
-17
Evaluate (5 - (-5 + 7 + 3)) + -5 - -8.
3
What is (11 - 22 - 6) + 17?
0
-10 + 4 + 23 - 9
8
What is (23 - 25) + -19 - -12?
-9
Evaluate (-7 + -3 - -5) + (-3 - -2) + 3.
-3
Evaluate 11 + -4 + (-8 - (19 + -5 - 7)).
-8
(-1 + -8 - (-6 + -2)) + (-1 - -1)
-1
What is (2 - 10) + (-120 - -140)?
12
What is the value of (32 - 25 - (22 + 1)) + 2?
-14
What is the value of 17 + (-3 + 3 + -2 - -1 - -2)?
18
Calculate -2 + 3 - (-6 + (-2 - -2) + -3).
10
What is -33 + (-7 - -35 - 8)?
-13
What is 2 + -16 + 13 + -5 + -2?
-8
Calculate 2 + 1 + -7 + (1 - -11) + 3.
11
(13 - -3 - 1) + -2 + -5 + 2
10
What is the value of 0 + -16 + 29 + -31?
-18
What is (-4 - -16) + -2 + -5 + 3 - -13?
21
What is the value of -38 + 7 + 2 + (-11 - (-9 + 4))?
-35
Evaluate -49 + (71 - 28) - (-1 + 0 + 8).
-13
Evaluate 0 - -26 - (24 - -21).
-19
Calculate -10 - (-4 - 0 - (-520 + 544)).
18
-14 + 2 + (-31 - -48)
5
Evaluate 4 - (11 + 4 + -10) - 0.
-1
What is 74 + -90 - (1 - (1 + 6))?
-10
Calculate 2 + -6 + (-11 - -3).
-12
What is the value of -23 + 3 + 35 - -3?
18
Evaluate (1 - (14 - 4)) + 1 + -3.
-11
What is -23 - (-6 + -20 - -19)?
-16
9 - (5 + -12 + 17 - -10)
-11
What is the value of (-2 - -2) + 0 + (6 - 15)?
-9
Evaluate -1 - ((12 - 8) + (-11 - (5 + 0))).
11
-53 - -45 - (-3 + 1 + 4 - -6)
-16
(-2 - (-17 - 3)) + (8 - 9) - -2
19
Calculate 29 - ((8 - 13) + 28 - 16).
22
Evaluate (33 - 26) + 13 + (5 - 5).
20
What is -4 + -2 - (-3 - 9)?
6
What is the value of (13 - 2) + -66 + 63 - -9?
17
Evaluate (-3 + 4 - 6) + 20 + 2 + -2.
15
-378 - -350 - (1 - -3)
-32
2 + (-3 - 2) + 6 + (-1 - -1)
3
What is 10 + 50 + -7 + -19?
34
What is 7 - (38 + -21 - -8)?
-18
(-12 - -2) + -50 + 66
6
What is -1 - 5 - (8 - 0 - 15)?
1
Evaluate (-23 - -19) + 9 + (3 - 1) + 4.
11
What is the value of 0 + -4 - (7 - 4) - 0 - -7?
0
What is the value of 1 + -12 + (-7 + -9 - -21)?
-6
Evaluate -17 + -10 + 11 - (1 + -5).
-12
Evaluate -2 + 17 - (-18 - (-21 - -6)).
18
Calculate 28 - (20 - -2 - (135 - 121)).
20
Evaluate 14 + (-12 - 8) + -6.
-12
Evaluate (-12 - -4) + (-3 - (-7 + -3)).
-1
Calculate (31 - (-11 + (-25 - -18))) + -16.
33
What is 0 + -18 - (-956 - -927)?
11
Calculate 90 + -98 - (-8 + 4).
-4
Evaluate 0 + -6 + (-7 - -18) + -33.
-28
(-47 - -13) + 24 + (0 - -23)
13
4 + -2 + -1 + -8 + 8 + -2
-1
Evaluate -17 + 0 + (-53 - -62).
-8
What is (12 - 27) + 30 - 8?
7
6 + 9 + 8 + -19
4
Evaluate 1 + (1 - -18) - (7 + 3 - 4).
14
Evaluate -7 + (12 - (11 + -3)) + -9.
-12
-9 - (12 + (-30 - -16 - -12))
-19
What is the value of -1 - (6 + (-9 - -13) + -12)?
1
What is the value of 28 - (-5 + (-8 - -25))?
16
What is the value of 6 - (8 - (9 + -1))?
6
What is -2 + 0 - (4 + (-9 - (-14 - -8)))?
-3
Calculate -1 - -3 - (-2 + 2) - (-520 - -513).
9
Calculate -6 + (13 - 1) + (-5 - -9) + 0.
10
-31 + 39 + (-8 - -2 - -3) + -20
-15
What is 6 + 0 + (8 - 21) + 5?
-2
What is (8 - (-16 - -19)) + -6?
-1
What is (-9 - (8 + -21)) + (-5 - 1)?
-2
Evaluate 6 - (-1 + 4 + 2 + -10) - 2.
9
Evaluate -28 - (4 - -15 - 41).
-6
Evaluate -9 - -4 - (-12 - (-2 + 4)).
9
Calculate 15 + (-8 - 11) - -17.
13
What is the value of -20 + -1 + (-2 + 13 - (23 + -21))?
-12
What is (1 - 44) + (-359 - -378)?
-24
Evaluate 10 + (2 - -11) + -29 + 19.
13
40 + -24 - (-10 - -1)
25
What is the value of 25 - (8 - -6 - 5 - -8)?
8
Calculate 1 + -10 + 9 + 2 + (-17 - 3).
-18
(-10 - (-6 + 7 + -4)) + -2
-9
What is 4 + (2 - 3 - (-8 + 10)) + -3?
-2
-3 + (-7 - (-5 - -2)) + -1
-8
Evaluate (60 - 16) + (-26 - -16).
34
What is the value of -4 + (15 - 14) - -12?
9
0 - (15 - (2 - -11))
-2
What is -19 + 13 + -3 + 2 - -12?
5
Calculate 20 + (-15 - (-2 + -11)) - 32.
-14
Evaluate -49 - (-17 + 19 + -14 + -2).
-35
Evaluate -135 + 125 - (2 - 24).
12
What is the value of -1 - (-1 + -6 + 8 - 2) - -5?
5
What is the value of (-1 - -3 - (-15 - (-36 + 16))) + 15?
12
Evaluate (16 + -10 - 1) + -15 - (27 - 1).
-36
Evaluate 4 - (8 + (-12 - -16)).
-8
What is 19 + -2 + 1 + -14?
4
471 - 449 - (9 - (2 - 1))
14
What is 1 - (-3 - (-21 - -10 - -8))?
1
Evaluate 8 + (-199 - -196 - (-2 - (-1 + 2))).
8
What is the value of 15 + (-22 - (-34 - -17))?
10
8 + (0 - -3) + (-10 - 7) + 14
8
What is the value of -4 - (6 + (-2 - -7) + -7 - 13)?
5
Evaluate 19 + -11 - (35 + -12).
-15
What is the value of 2 - (-3 + -1 + 10 + -11)?
7
What is (-2 - 2) + 4 - (-36 - -36)?
0
-6 - (17 - (-11 + 45))
11
What is the value of 4 + (-13 - (5 - 5))?
-9
What is (29 - (-12 + 11)) + -18?
12
-2 + 7 + 0 + (-3 - 2) + -12
-12
What is 6 + -1 - (334 + -340)?
11
Evaluate 1 + -1 + (7 - 11 - -6).
2
What is the value of (-7 + 6 - 9) + 0 + 9?
-1
Evaluate (13 - 30 - -15) + 22.
20
-2 - 3 - (-372 - -37